 r**2 + 3*r**2 - 5 + 13. Let d be 5/10 + 2/4. Give l(d).
3
Let i(c) = -c**3 - 3*c**2 + 5*c + 4. Let f(x) = -x**2 - x + 6. Let y be f(3). Let u be (y/9)/(1/(-9)). Suppose 9*d + 12 = u*d. Calculate i(d).
0
Let n(h) = 99*h - 789. Let o be n(8). Let g(k) = -k**2 - 6*k + 9. Give g(o).
-18
Let w = 2283 - 2267. Let f(z) = -4*z + 33. Let i(x) = x. Let j(m) = -f(m) - 2*i(m). Let y be j(w). Let n(u) = -u**3 + u**2 - u - 1. Give n(y).
2
Let b(z) = -6*z**2 + 79*z - 10. Let x be b(13). Let u(d) = -2*d**3 + 5*d**2 - 3*d + 9. What is u(x)?
-9
Suppose -g - i = 4*g - 41, -4*i = -4. Suppose -g*t = 2 - 18. Suppose -q + 3*v - 2*v = 0, -2*q - t*v = -4. Let u(n) = -12*n + 1. Give u(q).
-11
Let o(j) = j - 3 + 3 - 4. Let u(c) = -c**3 + 3*c**2 + 14*c - 34. Suppose -7*p + 13*p = 24. Let h be u(p). Determine o(h).
2
Let s(x) = 170*x - 1533. Let y be s(9). Let d(z) = 2*z**3 + 23*z**2 - 3*z - 7. Let u(w) = -w**3 - 11*w**2 + w + 3. Let m(p) = -6*d(p) - 13*u(p). Calculate m(y).
6
Let v(q) = 119*q - 11. Let l(h) = 24*h - 1. Let p(j) = 5*l(j) - v(j). Let o(d) = d + 5. Let t = -13 - -19. Let s(k) = t*p(k) - 7*o(k). Calculate s(-6).
7
Let q be 2 + (56/2 - -3 - -3). Let p = 32 - q. Let c(v) = -2*v**3 + v**2 + 3*v + 1. Let t(l) = l**3 + l**2 - 1. Let s(y) = c(y) + 3*t(y). What is s(p)?
-14
Let k(v) = -v - 264*v**2 + 1 + v + 259*v**2. Give k(1).
-4
Suppose -10 = -9*v - 73. Let m(w) = 6 - 4*w + 8*w - 3*w + 3. What is m(v)?
2
Suppose -23*a + 20*a + 495 = 0. Suppose -155*t + a*t = 30. Let s(n) = -n**2 + 6*n - 5. What is s(t)?
4
Suppose 18*k - 25*k + 14 = 0. Let j(l) = 1 + k*l**2 - l - 3*l**2 - 104*l**3 + 135*l**3. Give j(1).
30
Let b(v) = v**3 + 6*v**2 + 2*v + 9. Let l be ((-132)/24 + 6)/(2/(-24)). Determine b(l).
-3
Let n(f) = -984 - f**2 + 1945 - 966 - 30*f. What is n(-30)?
-5
Let d(m) = m**3 + 2*m**2 - 7*m - 12. Let g be d(-3). Suppose -3*f = 2*t - g*t - 27, -2*t = -4*f - 6. Let b(w) = -w**3 + 9*w**2 + 1. Calculate b(t).
1
Let j(x) = x**3 - 15*x**2 + 3*x + 31. Let i be j(15). Let l = 65 - i. Let n = 18 + l. Let k(d) = d**3 - 7*d**2 - 2. Give k(n).
-2
Let w(k) = -9*k**2 - 17*k + 10. Let p(n) = 4*n**2 + 5*n - 1. Let z(s) = 5*p(s) + 2*w(s). Determine z(4).
11
Let v be (-2)/12 + (-87)/18. Let f(g) be the first derivative of -1/2*g**2 - 3*g + 13. Determine f(v).
2
Let k(v) = -v**3 + v**2 + 3*v + 5. Suppose 5*o - 117*w = -122*w, -2*w = -4. What is k(o)?
11
Let y = 148 - 141. Let v(x) = 6*x**3 + 6*x**2 + 0*x + x + 3 - y*x**3. Suppose 0 = -5*q + 28 - 3, 0 = 4*g - 3*q - 9. Give v(g).
9
Let y(s) be the third derivative of s**6/360 + s**4/24 + 39*s**3/2 + 2*s**2 + 20*s. Let l(m) be the first derivative of y(m). Give l(2).
5
Let f(u) = -u**3 + 5*u**2 - 5*u + 4. Let l be f(4). Let z = -82 + 84. Let w(h) = -h + z*h + 204 - 213. Calculate w(l).
-9
Let l be ((3/9)/((-2)/(-18)))/(138/(-184)). Let g(i) = 2*i**2 + 5*i + 1. What is g(l)?
13
Let p(j) = -j + 4. Let o(x) = 3*x - 5*x + 3*x. Let k(v) = -3*o(v) - p(v). Determine k(-4).
4
Let z(r) = r**2 - 13*r - 6. Let w be z(13). Let p be 25/w + (-4)/(-24) - -23. Let s be p - 16 - (0 + -1). Let u(m) = m - 1. Calculate u(s).
3
Let k be ((-32)/(-20))/4*-20. Let v(w) = 4*w**2 + 12*w - 18. Let q be v(k). Let m(p) = 4 - 8 - q*p + 143*p. Give m(-3).
-7
Let k(y) = 18*y + 615. Let o(p) = 6*p + 199. Let j(c) = -3*k(c) + 10*o(c). What is j(-20)?
25
Let l(o) be the second derivative of o**4/24 - 11*o**3/6 + 15*o**2 - 12*o - 15. Let d(b) be the first derivative of l(b). What is d(7)?
-4
Let x(a) = -18*a**2 + a + 1. Suppose -5*k - 2 = -7*k. Let b be x(k). Let s = 12 + b. Let h(v) = -v**3 - 3*v**2 + 4*v - 4. Give h(s).
-4
Let v(n) = 35*n + 26. Let u be v(-2). Let b(p) = 3*p + 139. Let q be b(u). Let s(r) = -r**3 + 8*r**2 - 10*r + 7. Calculate s(q).
-14
Let x(w) = -w**3 - 12*w**2 + 27*w - 28. Let d(u) = -3*u**2 + 240*u - 926. Let q be d(76). What is x(q)?
-14
Suppose -5*r - 3*f = -1, 2*r + 5*f - 9 = r. Let c(j) = -6*j + 3. Let p(z) = 7*z - 4. Let u(o) = 4*c(o) + 3*p(o). What is u(r)?
3
Let q(k) = 2*k**2 - 4. Let u = -239 - -242. Suppose -u*n + o + 8 = 0, -4*o = 4*n - 0*o. What is q(n)?
4
Let w(s) = s**3 - 4*s**2 - 3*s + 5. Let x be w(4). Let m(p) = p**2 + 14*p + 4. Let t be m(-14). Let y(d) = t + 3 + d**2 + 1 - 5 + 8*d. Calculate y(x).
-4
Suppose 29*p - 33*p = 6*w + 16, -2*p = -5*w - 40. Let n(r) be the second derivative of r**4/12 - 7*r**3/6 + 7*r**2/2 - r. Give n(p).
-3
Let p(f) = -4*f - 3. Suppose 5*w - 3*w = 5*j + 146, 2*j - 292 = -4*w. Let c = 108 - w. Suppose o - 5*r + 4 = 24, 5*r = 4*o - c. Calculate p(o).
-23
Let b(q) = 6*q**2 - 2*q - 3. Suppose 3 - 7 = 4*j. Let s be b(j). Let f(n) = 8 + 4*n + s*n - 2*n - 8*n. Determine f(7).
1
Let h(f) be the second derivative of 0 - 1/2*f**2 + 73*f - 1/6*f**3. What is h(0)?
-1
Let t = 1 + -7. Let h(y) be the third derivative of y**4/12 - 2*y**3/3 - 31*y**2 - 1. Let v(i) = -5*i + 12. Let j(n) = 8*h(n) + 3*v(n). What is j(t)?
-2
Let n = 3 + -6. Let f be (1 - 0) + n - -7. Let v(u) be the third derivative of -u**6/120 + u**5/10 - u**4/4 + 148*u**2 - 4*u. Determine v(f).
-5
Let i(s) = -11*s**2 + 3*s + 16. Let y(p) = 13*p**2 - 2*p - 15. Let d(j) = 6*i(j) + 5*y(j). Calculate d(-2).
1
Let x(r) = r**3 - 10*r**2 + 15*r - 62. Suppose 35*t - 543*t = 976 - 5548. Determine x(t).
-8
Let u = 18097 - 18079. Let z(h) = h**2 - 21*h + 45. Give z(u).
-9
Let u(a) = a**2 - 13*a + 2. Suppose -21*h = 87 - 402. Determine u(h).
32
Let j = -408 + 411. Suppose -q = j*s - 7*s, -4*q + 2*s = 0. Let p(m) = 2*m - 7. Determine p(q).
-7
Let j(i) be the second derivative of -i**6/60 - i**5/120 - 35*i**4/3 + 58*i - 2. Let m(o) be the third derivative of j(o). Give m(1).
-13
Let f be (-50)/105*-7 - (-3)/(-9). Let n(r) be the first derivative of -r + r**2 - 8 + 1/3*r**f. Calculate n(-2).
-1
Suppose j = -n + 4, -5*n + 20 = 2*j + 2*j. Suppose 2*f - 7 - 7 = j. Let u(h) = -h**2 + 6*h - 9. Determine u(f).
-16
Let h(t) = -19*t - 26 - 1 + 731*t**2 - 734*t**2. Let u be h(-5). Let y(z) = 3*z + 16. Determine y(u).
-5
Let j(x) = 19*x - 72. Let w be 172/36 - 16/(-18)*1/4. Calculate j(w).
23
Let x(b) = 2*b - 1. Let p = 69 + -37. Let z(f) be the third derivative of f**4/24 - 35*f**3/6 - f**2 + 64*f. Let h be z(p). Calculate x(h).
-7
Let v(u) = 28*u - 2. Let s(k) = 89*k + 180. Let d(r) = -2*s(r) + 6*v(r). Calculate d(-37).
-2
Let h = -220 + 226. Let m(t) = 2*t**3 - 17*t**2 - 7*t + 8. Let c(o) = -o**3 + 9*o**2 + 4*o - 4. Let x(q) = h*m(q) + 11*c(q). Determine x(3).
10
Let x(s) = -5*s**3 - 10*s**2 - 4*s + 4. Let q(d) = -6*d**3 - 11*d**2 - 4*d + 5. Suppose -14*p = p + 60. Let z(f) = p*q(f) + 5*x(f). Calculate z(-5).
-5
Let a(n) = -n**2 - 9*n + 3. Let o(c) = -101*c - 2531. Let r be o(-25). Determine a(r).
21
Let a(d) = -14*d + 14. Suppose -52*j + 44*j = -88. Let l(g) = 0 - 5 - 6*g + 10*g. Let n(f) = j*l(f) + 4*a(f). What is n(-2)?
25
Let j(o) = 64*o - 2. Let w be j(7). Let v(k) = -w - 3*k + 4*k**2 + 446. Let s(b) = -b + 7. Let p be s(5). Calculate v(p).
10
Let v(n) = n**2 - 10*n - 17. Let g be v(12). Let j be (2/4)/((8 + 0)/48). Let o(t) = g*t - 6 - j - 4*t. Calculate o(8).
15
Suppose 0 = -j - m - 1 + 7, j + 4 = 4*m. Suppose 5*x + 4*d + 7 = 0, 2*x - d + j = -3*d. Let k(a) = -5*a**2 + a - 1. Give k(x).
-5
Let z(h) be the first derivative of -h**4/2 + 7*h**3/3 - 5*h**2/2 + 2*h - 2820. What is z(4)?
-34
Let i(a) = -a**3 + 8*a**2 - 8*a + 2*a - 6 + 0*a. Suppose 6*b - 9086 = -16*b. Let w = b + -406. Determine i(w).
1
Let b(y) = 18*y**2 + 163*y + 8. Let d be b(-9). Let o(m) = -75*m**3 + 2*m + 1. Calculate o(d).
74
Suppose -5*z + 3 + 2 = 0. Let g(u) be the first derivative of -23*u**2/2 - u + 4574. What is g(z)?
-24
Let p(n) = 2*n**3 + 25*n**2 - 15*n - 11. Suppose -3354 = 9*j + 249*j. Give p(j).
15
Let j(p) = -11*p**3 - p**2 + 2*p + 3. Let r = 2256 - 2257. Give j(r).
11
Suppose -27*y - 24 = -39*y. Suppose 0 = -y*x - 6*x - 8. Let w(i) = 30*i**2 + i + 1. What is w(x)?
30
Let y = -64 - -66. Suppose -p + 0*i - 3 = -5*i, -3*p - y*i = -8. Let j(n) = 6*n + 2*n - 17*n**p - 4*n + 18*n**2 - 1. Calculate j(-2).
-5
Suppose 5*w - 593 = -558. Let r(f) = 21 - w - 3*f + 13 - 5 + 5*f. Determine r(-11).
0
Let a(f) = -26*f**2 + 234*f + 38. Let o(v) = -5*v**2 + 43*v + 6. Let t(h) = 3*a(h) - 16*o(h). What is t(-3)?
-6
Let v(x) = -6*x - 139. Let s(z) = 46*z - 1218. Let a be s(26). What is v(a)?
-7
Let g(q) = 